 (-3)/(-12) + (-45)/4. Let s = 5 - a. Calculate the remainder when 30 is divided by s.
14
Let w be (-5615)/(-45) + 2/9. Suppose 3*r = -2*r + w. Suppose -3*t = 6 - 0, 3*t = 3*c - 45. Calculate the remainder when r is divided by c.
12
Suppose g + 5*o + 8 = 0, 2*o = -3*g - 2*o + 9. Calculate the remainder when 37 is divided by 15/(-35) + 143/g.
17
What is the remainder when ((-4)/1 - -45)/1 is divided by 11?
8
Let w = -96 + 137. Suppose 0 = -5*b - 3*a + 48, a + 4*a - w = -4*b. Calculate the remainder when 24 is divided by b.
6
Calculate the remainder when (1*(2 + -1))/(4/472) is divided by 31.
25
Calculate the remainder when 510/(-12)*(-8)/10 is divided by 12.
10
Suppose 2*s - 7 = -4*n - 3*s, -25 = 5*s. Suppose -5*q + 7 + n = 0. What is the remainder when (1 - -4)*1/1 is divided by q?
2
Let k(v) = -11*v + 24. What is the remainder when k(-4) is divided by 19?
11
Let u(g) = 6*g - 1. What is the remainder when 86 is divided by u(5)?
28
Let n(d) = -d + 112. Calculate the remainder when n(25) is divided by 46.
41
Let s(y) = -y**2 + 32*y - 35. What is the remainder when s(23) is divided by 25?
22
Suppose 0 = 4*i + 2*a - 98, i + 10*a - 7*a = 37. Calculate the remainder when 63 is divided by i.
19
Let c(i) = -7*i + 6*i - i**3 + 3*i**3 - 2*i**2 + 3*i**2. Let s = -3 + 4. Calculate the remainder when 2 is divided by c(s).
0
Let s(a) = -a**2 - 7*a + 6. Calculate the remainder when (-2035)/(-45) - (22/18 + -1) is divided by s(-6).
9
Let q = -115 + 161. Calculate the remainder when q is divided by 20.
6
Let m(t) = t + 21. Calculate the remainder when 16 is divided by m(-15).
4
Suppose 270 = 4*v - 182. Let u = -73 + v. Let x(t) = 13*t + 1. What is the remainder when u is divided by x(1)?
12
Let b be -20*2*12/(-5). Suppose -2*z + b = z. Suppose -49 = -3*s - 2*q, 0 = -3*s - 5*q - 0*q + 46. Calculate the remainder when z is divided by s.
15
Suppose 0 = i + i + 276. Let p = i - -238. Suppose 4*z + p = 5*c - 0*z, -100 = -5*c - z. What is the remainder when c is divided by 11?
9
Suppose -4*h = 5*u + 45, 5*u - 5*h = -2*h - 45. Let n be (-3)/(u/(-6)) + 46. Suppose 4*k = -0*k + n. Calculate the remainder when 31 is divided by k.
9
Let b(c) = -c - 7. Let w be b(-9). Suppose h - 76 = -w*h + v, 5*h - 155 = -4*v. What is the remainder when 80 is divided by h?
26
Let u(j) = 2*j + 4. Let p be u(7). Suppose -5*r + 2*v + 10 = 1, -3*r = 3*v - p. Calculate the remainder when 6 is divided by r.
0
Let b(s) be the second derivative of -s**2 - 1/3*s**3 - 2*s + 0. What is the remainder when 16 is divided by b(-4)?
4
Let h = 14 - 10. Let c(t) = t**3 + 6*t**2 + 7*t + 1. Let a be c(-5). Let l = -6 - a. Calculate the remainder when h is divided by l.
1
Let o = -10 + 22. What is the remainder when 46 is divided by o?
10
Let d = -28 + 13. What is the remainder when 43 is divided by (0 - -18)/(d/(-10))?
7
Let z = -13 - -28. Calculate the remainder when 27 is divided by z.
12
Suppose 2 = d - 2. Suppose -d*y = y - 195. Calculate the remainder when (-2)/((-2)/y) + 2 is divided by 14.
13
Let k(y) = 6*y - 4. Let t(a) = 5*a - 3. Let b(u) = 6*k(u) - 7*t(u). Calculate the remainder when 1 is divided by b(4).
0
Suppose -3*m + 2*z + 17 = -0*z, -2*m + 7 = 3*z. Let x(a) = -a**2 + 8*a + 1. Calculate the remainder when x(m) is divided by 1*-1*-1*9.
7
Let y(q) = 2*q - 17 - 3*q - 2*q. Let x(u) = -2*u - 8. Let m(i) = -5*x(i) + 2*y(i). What is the remainder when m(5) is divided by 9?
8
Let j = 137 - 118. What is the remainder when j is divided by 4?
3
Suppose 5*r - 146 = -4*j, j - 60 = -j + 4*r. What is the remainder when 67 is divided by j?
33
Let n = -5 + -4. Let g = n - -11. Calculate the remainder when 5 is divided by g.
1
Suppose -4*t = -3*t. Let c be (-5)/3*(3 + t). Let s = 27 + c. Calculate the remainder when s is divided by 8.
6
Suppose -3*v = -5*v + 18. Suppose -2*k + 42 = 2*d, -2*k = d - 51 + 14. What is the remainder when k is divided by v?
7
Let x = 1 - 1. Let q = x - -6. Suppose 0 = 3*a + q - 75. Calculate the remainder when a is divided by 8.
7
Let u = -24 + 27. Calculate the remainder when 8 is divided by u.
2
Let u be 160/(-24)*3/(-1). What is the remainder when 19 is divided by (u/(-16))/(2/(-16))?
9
Calculate the remainder when 1*(-6)/(-3) - -131 is divided by 34.
31
Let d be 2*(-3)/9*-3. Suppose -g + 5*j + 1 = 0, 0 = g - d*j + 7*j - 21. Calculate the remainder when 21 is divided by g.
10
Let z(c) = -2*c**3 - 16*c**2 - 10*c - 33. Let w = -10 - -22. What is the remainder when z(-8) is divided by w?
11
Let w = 8 - 6. Let n be 1 + 3/(-1) - 330. What is the remainder when n/(-11) - w/11 is divided by 8?
6
Suppose 3*p + p = 0. Suppose 0 = -2*h + 5*x + 107, 3*h - x + 3*x - 170 = p. Calculate the remainder when h is divided by 19.
18
Suppose -5*m - 3*v - 37 = -97, 0 = 5*m - 2*v - 60. Let a(g) = -g**3 - 3*g**2 - 2. Let w be a(-6). Let r = -71 + w. What is the remainder when r is divided by m?
11
Let i = -241 - -344. Suppose a + 131 = 5*u, u + 5*a = -0*u + 21. Calculate the remainder when i is divided by u.
25
Let o(q) = -16*q**2 + 56*q + 40. Let w(f) = -3*f**2 + 11*f + 8. Let h(n) = 2*o(n) - 11*w(n). What is the remainder when 6 is divided by h(10)?
0
Suppose 3*y - 4*y + 4 = 0. Suppose -24 = -y*q + 3*q. Suppose 4*d + 4*b - 76 = -q, -27 = -4*d + b. What is the remainder when 22 is divided by d?
6
Suppose 21*h = 163 + 68. Calculate the remainder when 21 is divided by h.
10
Let q be (-4)/(-22) - (-62)/22. Suppose -2*l = -q*l + 43. Suppose -3*f = 2*g - 47, f - 2*g - 58 = -3*f. Calculate the remainder when l is divided by f.
13
Let u(b) = b**3 - 7*b**2 + 5. Let h be u(7). Suppose 145 = h*d - 5*j, -j = 2*d - 87 + 32. Let o = -16 + 26. What is the remainder when d is divided by o?
8
What is the remainder when ((-1653)/(-38))/((-3)/(-4)) is divided by 12?
10
Let g(j) = -2*j - 3. Let k be (-24)/(-13) - 8/(-52). Suppose -w - 7 = -5*q + w, k*q - 5*w - 7 = 0. Calculate the remainder when g(-2) is divided by q.
0
Let h be 0 - -2*1 - 0. Suppose -o = -4*a - 5*o + 8, 4*a - 14 = -h*o. Suppose -5*d + 1 = -4, r + 2*d = 5. Calculate the remainder when a is divided by r.
2
Let v = -36 - -39. Calculate the remainder when 57 is divided by v.
0
Suppose 2*a - 3*a - 126 = 0. Calculate the remainder when 3/24 + a/(-16) is divided by 5.
3
Let a(r) = r**3 - 7*r**2 + 5*r + 10. Suppose g - 7 - 3 = 0. What is the remainder when g is divided by a(6)?
2
Let w = 20 + -17. Suppose -w*i + 61 = -4*b, 3*i + 2*b = -2*b + 101. What is the remainder when i is divided by 7?
6
Suppose 2*b = -0*b + 30. Suppose 5*w - 2*w = b. Suppose -w*u + 11 + 104 = 0. What is the remainder when u is divided by 8?
7
Calculate the remainder when 158 is divided by (-3 + (-21)/(-15))/((-2)/40).
30
What is the remainder when 75 is divided by (-1)/4 + (485/20 - 5)?
18
Let v = 78 + -28. Let u(z) = -3*z + 2. What is the remainder when v is divided by u(-5)?
16
Let n = 0 + -1. Calculate the remainder when 26 - (3 - 0)/n is divided by 16.
13
Suppose 10 - 70 = -4*c. Suppose 0 = 5*k + x - 4*x - 286, 0 = k + 4*x - 71. Calculate the remainder when k is divided by c.
14
Let a = -2 - -9. What is the remainder when 13 is divided by a?
6
Suppose -5*i + 390 = -2*l, -i + 2*l + 78 = l. Calculate the remainder when i is divided by 40.
38
Let k be (-1)/6*-2*-9. Calculate the remainder when 20 is divided by 2/(19/(-7) - k).
6
Suppose -2*w = 4, 3*w - 33 = 2*r - 427. What is the remainder when r is divided by 49?
47
Let v be (-1 - -1)/(-4 + 3). Suppose 0 = -v*g + 2*g + 6. What is the remainder when 4 is divided by 1 + (g - -1)*-1?
1
Suppose 5*w - g - 36 = 23, 5*g = -20. Calculate the remainder when 31 is divided by w.
9
Let t = -5 + 9. Let o = t + -2. Calculate the remainder when o is divided by 1.
0
Let u = 51 + -39. Calculate the remainder when 34 is divided by u.
10
Let m be 4/(-8) + 41/2. Suppose 3*z - 127 = m. Calculate the remainder when z is divided by 13.
10
Let p = 6 + -4. Suppose p*b + 0*b - 24 = -4*w, -w = -3*b + 1. Suppose 27 = 2*c - w. What is the remainder when 30 is divided by c?
14
Let k(c) = 28*c**2 + 3*c + 2. Let t(j) = 28*j**2 + 4*j + 3. Let h(v) = 3*k(v) - 2*t(v). What is the remainder when h(-1) is divided by 15?
12
Suppose -5*p + 66 = -2*s - 0*s, 0 = -3*p - 3*s + 27. Suppose 5*n - 548 = 2. Suppose -3*x = -8*x + n. Calculate the remainder when x is divided 